{"id":872,"date":"2021-01-10T21:25:42","date_gmt":"2021-01-10T20:25:42","guid":{"rendered":"http:\/\/fundacjaws.up.krakow.pl\/?page_id=872"},"modified":"2024-04-24T16:35:11","modified_gmt":"2024-04-24T14:35:11","slug":"darowizny","status":"publish","type":"page","link":"https:\/\/sensorium.nowkasztuka.com\/index.php\/darowizny\/","title":{"rendered":"arty\u015bci i naukowcy"},"content":{"rendered":"<p style=\"text-align: right;\"><span style=\"font-weight: 400;\">Projekt Sensorium ma na celu prezentacje nowatorskich postaw artystycznych na styku sztuki, nauki i technologii, kt\u00f3re nie tylko \u0142\u0105cz\u0105 te dziedziny, lecz r\u00f3wnie\u017c poszukuj\u0105 nieoczywistych inspiracji, przekraczaj\u0105c klasyczne definicje sztuki i jej dyscyplin oraz podnosz\u0105c problemy wsp\u00f3\u0142czesnego spo\u0142ecze\u0144stwa w kontek\u015bcie technokulturowych proces\u00f3w. G\u0142\u00f3wnym celem projektu jest poszerzenie wp\u0142ywu sztuki medialnej i technologicznej w Polsce, otwarcia na nowe praktyki naukowe i artystyczne, wprowadzenia krytycznego dyskursu o technokulturze, zainteresowania tw\u00f3rc\u00f3w nowymi badaniami naukowymi oraz pog\u0142\u0119bionej analizy relacji mi\u0119dzy kultur\u0105, nauk\u0105 i technologi\u0105 w nurtach tzw. art&amp;science.<\/span><\/p>\n<p style=\"text-align: right;\"><span style=\"font-weight: 400;\">Prezentacje dzia\u0142a\u0144 artystycznych w r\u00f3\u017cnych przestrzeniach wystawienniczych w Krakowie stanowi\u0105 zapis do\u015bwiadcze\u0144 naukowo-artystycznych i odpowied\u017a na oczekiwania spo\u0142eczne poprzez kszta\u0142towanie nowych form uczestnictwa i ekspresji oraz pr\u00f3b\u0119 zrozumienia technokulturowej rzeczywisto\u015bci. Obserwujemy, \u017ce wsp\u00f3\u0142cze\u015bnie technologia staje si\u0119 integraln\u0105 cz\u0119\u015bci\u0105 proces\u00f3w spo\u0142ecznych, politycznych i ekonomicznych, co prowadzi do swoistej redefinicji poj\u0119cia sztuki, gdzie narz\u0119dzia i kompetencje jej tw\u00f3rc\u00f3w nie s\u0105 wy\u0142\u0105cznie warsztatem, ale staj\u0105 si\u0119 cz\u0119\u015bci\u0105 metamedialnych interakcji spo\u0142ecznych. Sztuka aktualna rozwija si\u0119 w kontek\u015bcie proces\u00f3w globalizacji cyfrowej.<\/span><\/p>\n<p style=\"text-align: right;\"><span style=\"font-weight: 400;\">Definiujemy formy wypowiedzi artystycznej w nowych mediach poprzez metodologi\u0119 uwa\u017cnej obserwacji \u015brodowiska, kreatywno\u015b\u0107, innowacje oraz aspiracje do tworzenia dzie\u0142 o uniwersalnym znaczeniu. Obszar sztuki sta\u0142 si\u0119 polem bada\u0144, a artysta<\/span><span style=\"font-weight: 400;\">\u2013<\/span><span style=\"font-weight: 400;\">badacz wykorzystuje narz\u0119dzia naukowe i koncepcje opracowane przez badaczy i naukowc\u00f3w.\u00a0<\/span><\/p>\n<p style=\"text-align: right;\"><span style=\"font-weight: 400;\">Wed\u0142ug Stephena Wilsona badania naukowe radykalnie przekszta\u0142caj\u0105 nasz\u0105 kultur\u0119, a sztuka musi by\u0107 istotn\u0105 cz\u0119\u015bci\u0105 tych proces\u00f3w.<\/span><\/p>\n<p style=\"text-align: right;\"><span style=\"font-weight: 400;\">Poszukujemy punkt\u00f3w wsp\u00f3lnych dla nauki i sztuki poprzez badania odwo\u0142uj\u0105ce si\u0119 do zdobyczy naukowych, kt\u00f3re s\u0105 wykorzystywane przez artyst\u00f3w.\u00a0<\/span><\/p>\n<p style=\"text-align: right;\">Projekt dofinansowano ze \u015brodk\u00f3w Ministra Kultury i Dziedzictwa Narodowego w ramach programu w\u0142asnego Centrum Rozwoju Przemys\u0142\u00f3w Kreatywnych: <i>Rozw\u00f3j Sektor\u00f3w Kreatywnych<\/i><\/p>\n<p dir=\"ltr\" style=\"text-align: left;\">\n","protected":false},"excerpt":{"rendered":"<p>Projekt Sensorium ma na celu prezentacje nowatorskich postaw artystycznych na styku sztuki, nauki i technologii, kt\u00f3re nie tylko \u0142\u0105cz\u0105 te dziedziny, lecz r\u00f3wnie\u017c poszukuj\u0105 nieoczywistych inspiracji, przekraczaj\u0105c klasyczne definicje sztuki i jej dyscyplin oraz podnosz\u0105c problemy wsp\u00f3\u0142czesnego spo\u0142ecze\u0144stwa w kontek\u015bcie technokulturowych proces\u00f3w. G\u0142\u00f3wnym celem projektu jest poszerzenie wp\u0142ywu sztuki medialnej i technologicznej w Polsce, otwarcia na nowe praktyki naukowe i artystyczne, wprowadzenia krytycznego dyskursu o technokulturze, zainteresowania tw\u00f3rc\u00f3w nowymi badaniami naukowymi oraz pog\u0142\u0119bionej analizy relacji mi\u0119dzy kultur\u0105, nauk\u0105 i technologi\u0105&hellip;<a href=\"https:\/\/sensorium.nowkasztuka.com\/index.php\/darowizny\/\" class=\"more-link\">Continue reading <span class=\"screen-reader-text\">arty\u015bci i naukowcy<\/span><\/a><\/p>\n","protected":false},"author":3,"featured_media":0,"parent":0,"menu_order":0,"comment_status":"closed","ping_status":"closed","template":"page_fullwidth.php","meta":{"footnotes":""},"_links":{"self":[{"href":"https:\/\/sensorium.nowkasztuka.com\/index.php\/wp-json\/wp\/v2\/pages\/872"}],"collection":[{"href":"https:\/\/sensorium.nowkasztuka.com\/index.php\/wp-json\/wp\/v2\/pages"}],"about":[{"href":"https:\/\/sensorium.nowkasztuka.com\/index.php\/wp-json\/wp\/v2\/types\/page"}],"author":[{"embeddable":true,"href":"https:\/\/sensorium.nowkasztuka.com\/index.php\/wp-json\/wp\/v2\/users\/3"}],"replies":[{"embeddable":true,"href":"https:\/\/sensorium.nowkasztuka.com\/index.php\/wp-json\/wp\/v2\/comments?post=872"}],"version-history":[{"count":16,"href":"https:\/\/sensorium.nowkasztuka.com\/index.php\/wp-json\/wp\/v2\/pages\/872\/revisions"}],"predecessor-version":[{"id":1263,"href":"https:\/\/sensorium.nowkasztuka.com\/index.php\/wp-json\/wp\/v2\/pages\/872\/revisions\/1263"}],"wp:attachment":[{"href":"https:\/\/sensorium.nowkasztuka.com\/index.php\/wp-json\/wp\/v2\/media?parent=872"}],"curies":[{"name":"wp","href":"https:\/\/api.w.org\/{rel}","templated":true}]}}